 (17 - -1)*-48*(-36)/81. Calculate the highest common factor of x and 24.
24
Suppose 11*q - 21 = 9*q - a, -4*q = a - 43. Let m = 51 + -29. Let g = -21 + m. Calculate the greatest common factor of g and q.
1
Let f be 2/6 + (-840)/(-18). Suppose 0 = 45*a - f*a + 40. Suppose -a - 130 = -5*s. Calculate the greatest common factor of 105 and s.
15
Let f = 85 - 85. Suppose f = 2*r + 48 - 86. Suppose 4*a - m = -2*m + 302, -2*a + 5*m = -162. Calculate the greatest common divisor of a and r.
19
Suppose 0 = s + 3*u + 10, u = 4*s - 12. Suppose -s*w = -w. Suppose w = -k - 3*r + 14, 4*k - r = 3*r + 40. What is the highest common factor of k and 99?
11
Let c be 65/2 + (-2)/4. Let v = 21 - 2. Let l be (-11 + 12)*(v - 3). What is the highest common factor of l and c?
16
Let l = 2 - -3. Suppose -4*w + 25 = l*o, 5*o - w = 24 + 1. Suppose 3*u = -k + 2, 0*u - o*u - k + 4 = 0. What is the greatest common divisor of 13 and u?
1
Let u = -351 - -603. Let g = 258 - u. What is the highest common divisor of g and 96?
6
Suppose 356*q - 371*q = -2250. What is the greatest common divisor of 690 and q?
30
Let p be -26 - (-4 + (4 - 2)). Let b be (p/(-21))/(-4) + 185/35. Suppose 3*q = -b*q + 1120. Calculate the greatest common factor of 28 and q.
28
Let s be 4*(45/12*-2 + 6). Let i be s/(-63) + 4180/210. Suppose 3*l = -2*t + 56, 2*t + t + 3*l - 81 = 0. What is the greatest common factor of t and i?
5
Suppose 0 = -5*r + 20, -v = v - 2*r - 16. Let f(a) = -10*a + 13*a + 42 + 11*a + 39 + 3*a. Let y be f(3). Calculate the highest common divisor of y and v.
12
Suppose 731 = -9*w + 26*w. Suppose -w = -v - 37. Let p be 3 + (-27*v)/(-6). Calculate the highest common factor of p and 24.
6
Let y = 6970 - 6039. What is the highest common divisor of y and 19?
19
Suppose 2*l + 390 = x - 289, 0 = 2*l + 12. Calculate the greatest common factor of 230 and x.
23
Let k = 257 + -429. Let u = 194 + k. What is the highest common divisor of u and 176?
22
Suppose -4*r + j + 213 = 0, -154 = -3*r + 2*j + 12. Let k(y) = 17*y**2 - y - 1. Let a be k(2). Calculate the highest common factor of r and a.
13
Suppose 2816 = 21*g - 11*g - 8134. Let j = 15 + 0. What is the highest common factor of g and j?
15
Let p be -11 + -1 + 6 - (-1 - 65). Suppose -22 + 14 = -2*k. Suppose 2*o - p = -g, o - 3*o + k*g = -60. Calculate the highest common factor of o and 75.
15
Let n = -3358 + 3630. Calculate the highest common factor of 391 and n.
17
Suppose 0 = p + 3*j - 3504, -2074*j - 7011 = -2*p - 2077*j. What is the greatest common divisor of p and 21?
21
Suppose -4*c - 8*c = 1296. Let q be c/45*(-2 + -33). Calculate the greatest common divisor of q and 28.
28
Let r be 1/(-2) - (-50)/4. Let o = -295 - 420. Let v = o - -721. What is the greatest common factor of v and r?
6
Let q(s) = 179*s + 68. Let x be q(13). Suppose -4*m + 2*f + 2374 = 0, f - x = -4*m - 4*f. What is the greatest common factor of m and 85?
85
Let n = 48 - 51. Let v be n - 2 - -38 - -3. Calculate the greatest common divisor of v and 4.
4
Suppose 10*y - 4*s = 7*y - 1075, 4*y + 3*s + 1425 = 0. Let c = -324 - y. What is the highest common divisor of 3 and c?
3
Let o be (-112*10 + 3)*2. Let a = -1577 - o. What is the greatest common factor of a and 73?
73
Let g(c) = -c**3 - 11*c**2 - 14*c - 13. Let z be g(-8). Let n = 91 + z. Let y be 5594/26 - n/(-13). What is the greatest common divisor of y and 43?
43
Let o(s) = -82*s + 2982. Let c be o(15). Calculate the greatest common factor of c and 168.
24
Let k(a) = -93*a + 173. Let v be k(-4). What is the greatest common factor of v and 35?
5
Suppose 2*x + 12 = 5*x. Let w be (-16)/x + -13 + 3. Let q(a) = -a**2 - 14*a + 20. Let y be q(w). What is the highest common divisor of 50 and y?
10
Let g = 2929 - 1219. What is the highest common factor of g and 38?
38
Let n(b) = -b**3 + 54*b**2 - 391*b + 152. Let r be n(45). What is the highest common factor of r and 1127?
23
Let f be 2/(-6) - ((-7222)/138 + -20). Suppose 0 = 4*q - 15 - 5. Suppose -3*u = -n - 12 - 10, -q*u + 38 = -n. Calculate the greatest common divisor of f and u.
8
Let c be (-92)/(-22) + -4 + 332/(-11). Let t = c - -38. Let l = -4 + t. Calculate the greatest common factor of 10 and l.
2
Suppose 528 = -129*m + 151*m. Calculate the highest common factor of m and 1242.
6
Suppose n - 331 = -3*p, 0 = 2*p + 33*n - 35*n - 234. What is the highest common divisor of 3780 and p?
28
Let b be (-6)/9 - 14/(-3). Let h(u) = 6*u - 10. Let y be h(b). Let i = -49 + 91. What is the highest common factor of y and i?
14
Suppose 13*q - 11*q + 8 = 0. Let j be (21 - -662) + (q - -1). What is the highest common divisor of j and 40?
40
Let y(t) = -t**2 + 10*t + 11. Let z be y(4). Let w be (-5)/(5/2) + 2. Suppose 5*r - 31 - 74 = w. What is the greatest common divisor of z and r?
7
Let j = -7017 - -26349. What is the highest common factor of j and 108?
108
Let a be ((1495/46)/65)/((-1)/(-11298)). What is the greatest common factor of 105 and a?
21
Suppose -7*c = 137 - 235. Suppose c*v = v + 26. Let o = 3 - 1. Calculate the greatest common divisor of v and o.
2
Let u = -1158 + 1162. Suppose u*k - 68 = -2*v, 3*k - 5 = 2*k. Let m be (2/5)/(1/30). Calculate the highest common factor of v and m.
12
Let c(b) = -b**3 + 17*b**2 + 53*b + 341. Let j be c(17). Suppose -n + 3*t + 58 = -t, -4*n + 212 = 4*t. Calculate the greatest common factor of n and j.
54
Let m(i) = -5 + 7 + 11 - i - 3. Let r be m(6). Suppose 0 = -p + 16 + r. Calculate the highest common factor of p and 160.
20
Let z(i) = i + 32. Let d be z(3). Suppose 33*u = d*u - 306. What is the greatest common factor of u and 17?
17
Suppose -15*u - 1911 - 129 = 0. Let l = u - -144. What is the highest common divisor of l and 272?
8
Let i(r) = -2*r**2 + r + 56. Let p be i(-6). Let g be 1 + (-9)/(9/p) + 1. Calculate the greatest common divisor of g and 480.
24
Let q(l) = -l**2 - 3*l + 2. Let i be q(-3). Let h be 705/18 + i/(-12). Suppose -3*g - 3 = -h. Calculate the highest common factor of g and 132.
12
Let m be 41409/81 - (-5 - 376/(-72)*1). What is the greatest common divisor of m and 2336?
73
Let v(k) = -76*k - 2830. Let j be v(-38). What is the highest common factor of j and 7018?
58
Let r be (2 - (3 - -5))*3992/(-48). Let k = 514 - r. Let q be ((-10)/6)/(2/(-198)). Calculate the greatest common divisor of q and k.
15
Suppose 2*l = 3*a - 79, -2*a - 8*l + 13*l = -49. What is the greatest common divisor of 1737 and a?
9
Let u(f) = 21*f**2 - f. Let k be u(1). Suppose 38*j = -17*j + 3850. Calculate the highest common factor of k and j.
10
Let d(m) = -162*m**2 + 3248*m + 26. Let t be d(19). What is the highest common factor of 74 and t?
74
Let k be -24*(1 - (-1)/3). Let i(o) = -4*o**2 - 139*o + 71. Let g be i(k). Calculate the greatest common factor of g and 94.
47
Suppose 263*c - 259*c + n - 1213 = 0, 0 = -2*c - 3*n + 609. What is the greatest common factor of c and 2929?
101
Suppose -60*m + 76 + 884 = 0. What is the greatest common factor of 6544 and m?
16
Let r(w) = -22*w. Let j be r(-2). Let o(f) = 3*f + 76. Let z be (27/2)/((-1)/((-20)/(-15))). Let h be o(z). Calculate the greatest common factor of h and j.
22
Let k be (-7552)/(-84) + (-1 - 299/(-273)). What is the highest common factor of k and 1170?
90
Suppose -13*s = 13*s - 154 - 10662. What is the highest common factor of s and 221?
13
Let b = -3921 + 3935. Calculate the highest common divisor of b and 2317.
7
Let o = 240 + -163. Let z = o - 71. Calculate the highest common factor of z and 27.
3
Let a = -335 + 80. Let n be (-18 - -9)/(9/a). What is the greatest common divisor of 51 and n?
51
Suppose -103 = -k - 2*l + l, -3 = 3*l. Suppose i - 208 = -i. What is the highest common divisor of k and i?
104
Let d = -2019 + 2034. Calculate the highest common factor of d and 1005.
15
Let s be -6 - 4494/(-107)*(-2)/(-9)*3. What is the greatest common divisor of s and 5456?
22
Let t(p) = -2*p**2 - 20*p + 26. Let b be t(-11). Suppose 2*u = -b*n - 0*u + 24, 0 = -4*n - 4*u + 24. Calculate the greatest common divisor of 51 and n.
3
Let s = 19602 - 19588. Calculate the highest common divisor of s and 60718.
14
Suppose 192 = -12*n + 24. Let o(r) = -6*r**2 - 83*r + 25. Let p be o(n). What is the greatest common factor of p and 11?
11
Let w = 288 - 1407. Let h = w - -1150. Suppose -2*q = -260 - 174